{"id":428,"date":"2026-01-19T09:48:25","date_gmt":"2026-01-19T14:48:25","guid":{"rendered":"https:\/\/soybelu.com\/?page_id=428"},"modified":"2026-01-22T15:25:28","modified_gmt":"2026-01-22T20:25:28","slug":"los-instrumentos-sagrados-de-la-musica-andina","status":"publish","type":"page","link":"https:\/\/soybelu.com\/index.php\/los-elementos-de-la-misa\/los-instrumentos-sagrados-de-la-musica-andina\/","title":{"rendered":"Los instrumentos sagrados de la M\u00fasica Andina"},"content":{"rendered":"\n<p>La&nbsp;<strong>Misa Andina<\/strong>&nbsp;es un&nbsp;<strong>di\u00e1logo espiritual entre dos mundos sonoros<\/strong>. Lo que la hace \u00fanica y conmovedora es, en gran parte, su&nbsp;<strong>instrumentaci\u00f3n<\/strong>: un puente entre lo sagrado y lo tel\u00farico, entre el templo y la cordillera. Aqu\u00ed exploramos las voces que tejen este paisaje sonoro \u00fanico. <strong>\u00bfQuieres saber c\u00f3mo suenan algunos de los instrumentos?<\/strong><\/p>\n\n\n\n<div style=\"width: 100%;\"><div style=\"position: relative; padding-bottom: 50%; padding-top: 0; height: 0;\"><iframe loading=\"lazy\" title=\"OBJETO INTERACTIVO REPORTAJE\" frameborder=\"0\" width=\"1600\" height=\"800\" style=\"position: absolute; top: 0; left: 0; width: 100%; height: 100%;\" src=\"https:\/\/view.genially.com\/6964fb1755c71f5c09247f0d\" type=\"text\/html\" allowscriptaccess=\"always\" allowfullscreen=\"true\" scrolling=\"yes\" allownetworking=\"all\"><\/iframe> <\/div> <\/div>\n\n\n\n<p>Los instrumentos de la Misa Andina&nbsp;<strong>no son decoraci\u00f3n folcl\u00f3rica<\/strong>. Son&nbsp;<strong>ministros de la celebraci\u00f3n<\/strong>, tan esenciales como el sacerdote, el lector o el propio coro. Cada quena, cada golpe de bombo, cada rasgueo de charango es un&nbsp;<strong>acto de inculturaci\u00f3n<\/strong>: la fe se viste con el sonido de la tierra para que la tierra pueda reconocerla como propia.<\/p>\n\n\n\n<p>Al escuchar una Misa Andina, no estamos ante un experimento musical, sino ante un&nbsp;<strong>testimonio sonoro de resistencia y fusi\u00f3n<\/strong>, donde el altiplano, a trav\u00e9s de sus instrumentos, le canta a Dios con su propia voz.<\/p>\n\n\n\n<div class=\"wp-block-buttons is-content-justification-center is-layout-flex wp-container-core-buttons-is-layout-16018d1d wp-block-buttons-is-layout-flex\">\n<div class=\"wp-block-button\"><a class=\"wp-block-button__link wp-element-button\" href=\"https:\/\/soybelu.com\/index.php\/los-elementos-de-la-misa\/las-voces-del-andes\/\"><span class=\"wp-rich-text-font-awesome-icon wp-font-awesome-icon\"><svg aria-hidden=\"true\" focusable=\"false\" data-prefix=\"fas\" data-icon=\"people-group\" class=\"svg-inline--fa fa-people-group \" role=\"img\" xmlns=\"http:\/\/www.w3.org\/2000\/svg\" viewBox=\"0 0 512 512\"><path fill=\"currentColor\" d=\"M256 0a64 64 0 1 1 0 128 64 64 0 1 1 0-128zm96 312c0 25-12.7 47-32 59.9l0 92.1c0 26.5-21.5 48-48 48l-32 0c-26.5 0-48-21.5-48-48l0-92.1C172.7 359 160 337 160 312l0-40c0-53 43-96 96-96s96 43 96 96l0 40zM96 32a56 56 0 1 1 0 112 56 56 0 1 1 0-112zm16 240l0 32c0 32.5 12.1 62.1 32 84.7l0 75.3c0 1.2 0 2.5 .1 3.7-8.5 7.6-19.7 12.3-32.1 12.3l-32 0c-26.5 0-48-21.5-48-48l0-56.6C12.9 364.4 0 343.7 0 320l0-32c0-53 43-96 96-96 12.7 0 24.8 2.5 35.9 6.9-12.6 21.4-19.9 46.4-19.9 73.1zM368 464l0-75.3c19.9-22.5 32-52.2 32-84.7l0-32c0-26.7-7.3-51.6-19.9-73.1 11.1-4.5 23.2-6.9 35.9-6.9 53 0 96 43 96 96l0 32c0 23.7-12.9 44.4-32 55.4l0 56.6c0 26.5-21.5 48-48 48l-32 0c-12.3 0-23.6-4.6-32.1-12.3 0-1.2 .1-2.5 .1-3.7zM416 32a56 56 0 1 1 0 112 56 56 0 1 1 0-112z\"><\/path><\/svg><\/span> Altiplano de Chile<\/a><\/div>\n\n\n\n<div class=\"wp-block-button\"><a class=\"wp-block-button__link wp-element-button\" href=\"https:\/\/soybelu.com\/index.php\/los-elementos-de-la-misa\/detras-de-la-partitura-con-juan-carlos-velasco\/\"><span class=\"wp-rich-text-font-awesome-icon wp-font-awesome-icon\"><svg aria-hidden=\"true\" focusable=\"false\" data-prefix=\"fas\" data-icon=\"compact-disc\" class=\"svg-inline--fa fa-compact-disc \" role=\"img\" xmlns=\"http:\/\/www.w3.org\/2000\/svg\" viewBox=\"0 0 512 512\"><path fill=\"currentColor\" d=\"M0 256a256 256 0 1 1 512 0 256 256 0 1 1 -512 0zm256 32a32 32 0 1 1 0-64 32 32 0 1 1 0 64zm-96-32a96 96 0 1 0 192 0 96 96 0 1 0 -192 0zm-56-16c0-32.4 16.3-66.6 42.8-93.2S207.6 104 240 104c13.3 0 24-10.7 24-24s-10.7-24-24-24c-47.9 0-93.7 23.5-127.1 56.9S56 192.1 56 240c0 13.3 10.7 24 24 24s24-10.7 24-24z\"><\/path><\/svg><\/span> Detr\u00e1s de la partitura<\/a><\/div>\n<\/div>\n","protected":false},"excerpt":{"rendered":"<p>\u00bfQuieres conocer los instrumentos que se juntan como mosaico para formar las melod\u00edas de la Misa Andina? \u00a1Haz click y encu\u00e9ntrate con una sorpresa!<\/p>\n","protected":false},"author":1,"featured_media":432,"parent":495,"menu_order":2,"comment_status":"closed","ping_status":"closed","template":"","meta":{"footnotes":""},"class_list":["post-428","page","type-page","status-publish","has-post-thumbnail","hentry"],"yoast_head":"<!-- This site is optimized with the Yoast SEO plugin v26.7 - https:\/\/yoast.com\/wordpress\/plugins\/seo\/ -->\n<title>Los instrumentos sagrados de la M\u00fasica Andina - soy belu<\/title>\n<meta name=\"robots\" content=\"index, follow, max-snippet:-1, max-image-preview:large, max-video-preview:-1\" \/>\n<link rel=\"canonical\" href=\"https:\/\/soybelu.com\/index.php\/los-elementos-de-la-misa\/los-instrumentos-sagrados-de-la-musica-andina\/\" \/>\n<meta property=\"og:locale\" content=\"es_ES\" \/>\n<meta property=\"og:type\" content=\"article\" \/>\n<meta property=\"og:title\" content=\"Los instrumentos sagrados de la M\u00fasica Andina - soy belu\" \/>\n<meta property=\"og:description\" content=\"\u00bfQuieres conocer los instrumentos que se juntan como mosaico para formar las melod\u00edas de la Misa Andina? \u00a1Haz click y encu\u00e9ntrate con una sorpresa!\" \/>\n<meta property=\"og:url\" content=\"https:\/\/soybelu.com\/index.php\/los-elementos-de-la-misa\/los-instrumentos-sagrados-de-la-musica-andina\/\" \/>\n<meta property=\"og:site_name\" content=\"soy belu\" \/>\n<meta property=\"article:modified_time\" content=\"2026-01-22T20:25:28+00:00\" \/>\n<meta property=\"og:image\" content=\"https:\/\/soybelu.com\/wp-content\/uploads\/2026\/01\/pexels-jorge-alcojor-97163631-9282988-scaled.jpg\" \/>\n\t<meta property=\"og:image:width\" content=\"2560\" \/>\n\t<meta property=\"og:image:height\" content=\"1707\" \/>\n\t<meta property=\"og:image:type\" content=\"image\/jpeg\" \/>\n<meta name=\"twitter:card\" content=\"summary_large_image\" \/>\n<meta name=\"twitter:label1\" content=\"Tiempo de lectura\" \/>\n\t<meta name=\"twitter:data1\" content=\"1 minuto\" \/>\n<script type=\"application\/ld+json\" class=\"yoast-schema-graph\">{\"@context\":\"https:\/\/schema.org\",\"@graph\":[{\"@type\":\"WebPage\",\"@id\":\"https:\/\/soybelu.com\/index.php\/los-elementos-de-la-misa\/los-instrumentos-sagrados-de-la-musica-andina\/\",\"url\":\"https:\/\/soybelu.com\/index.php\/los-elementos-de-la-misa\/los-instrumentos-sagrados-de-la-musica-andina\/\",\"name\":\"Los instrumentos sagrados de la M\u00fasica Andina - soy belu\",\"isPartOf\":{\"@id\":\"https:\/\/soybelu.com\/#website\"},\"primaryImageOfPage\":{\"@id\":\"https:\/\/soybelu.com\/index.php\/los-elementos-de-la-misa\/los-instrumentos-sagrados-de-la-musica-andina\/#primaryimage\"},\"image\":{\"@id\":\"https:\/\/soybelu.com\/index.php\/los-elementos-de-la-misa\/los-instrumentos-sagrados-de-la-musica-andina\/#primaryimage\"},\"thumbnailUrl\":\"https:\/\/soybelu.com\/wp-content\/uploads\/2026\/01\/pexels-jorge-alcojor-97163631-9282988-scaled.jpg\",\"datePublished\":\"2026-01-19T14:48:25+00:00\",\"dateModified\":\"2026-01-22T20:25:28+00:00\",\"breadcrumb\":{\"@id\":\"https:\/\/soybelu.com\/index.php\/los-elementos-de-la-misa\/los-instrumentos-sagrados-de-la-musica-andina\/#breadcrumb\"},\"inLanguage\":\"es\",\"potentialAction\":[{\"@type\":\"ReadAction\",\"target\":[\"https:\/\/soybelu.com\/index.php\/los-elementos-de-la-misa\/los-instrumentos-sagrados-de-la-musica-andina\/\"]}]},{\"@type\":\"ImageObject\",\"inLanguage\":\"es\",\"@id\":\"https:\/\/soybelu.com\/index.php\/los-elementos-de-la-misa\/los-instrumentos-sagrados-de-la-musica-andina\/#primaryimage\",\"url\":\"https:\/\/soybelu.com\/wp-content\/uploads\/2026\/01\/pexels-jorge-alcojor-97163631-9282988-scaled.jpg\",\"contentUrl\":\"https:\/\/soybelu.com\/wp-content\/uploads\/2026\/01\/pexels-jorge-alcojor-97163631-9282988-scaled.jpg\",\"width\":2560,\"height\":1707},{\"@type\":\"BreadcrumbList\",\"@id\":\"https:\/\/soybelu.com\/index.php\/los-elementos-de-la-misa\/los-instrumentos-sagrados-de-la-musica-andina\/#breadcrumb\",\"itemListElement\":[{\"@type\":\"ListItem\",\"position\":1,\"name\":\"Portada\",\"item\":\"https:\/\/soybelu.com\/\"},{\"@type\":\"ListItem\",\"position\":2,\"name\":\"Los elementos de la Misa\",\"item\":\"https:\/\/soybelu.com\/index.php\/los-elementos-de-la-misa\/\"},{\"@type\":\"ListItem\",\"position\":3,\"name\":\"Los instrumentos sagrados de la M\u00fasica Andina\"}]},{\"@type\":\"WebSite\",\"@id\":\"https:\/\/soybelu.com\/#website\",\"url\":\"https:\/\/soybelu.com\/\",\"name\":\"soy belu\",\"description\":\"soy belu\",\"publisher\":{\"@id\":\"https:\/\/soybelu.com\/#organization\"},\"potentialAction\":[{\"@type\":\"SearchAction\",\"target\":{\"@type\":\"EntryPoint\",\"urlTemplate\":\"https:\/\/soybelu.com\/?s={search_term_string}\"},\"query-input\":{\"@type\":\"PropertyValueSpecification\",\"valueRequired\":true,\"valueName\":\"search_term_string\"}}],\"inLanguage\":\"es\"},{\"@type\":\"Organization\",\"@id\":\"https:\/\/soybelu.com\/#organization\",\"name\":\"soy belu\",\"url\":\"https:\/\/soybelu.com\/\",\"logo\":{\"@type\":\"ImageObject\",\"inLanguage\":\"es\",\"@id\":\"https:\/\/soybelu.com\/#\/schema\/logo\/image\/\",\"url\":\"https:\/\/soybelu.com\/wp-content\/uploads\/2025\/12\/cropped-40403.png\",\"contentUrl\":\"https:\/\/soybelu.com\/wp-content\/uploads\/2025\/12\/cropped-40403.png\",\"width\":512,\"height\":512,\"caption\":\"soy belu\"},\"image\":{\"@id\":\"https:\/\/soybelu.com\/#\/schema\/logo\/image\/\"}}]}<\/script>\n<!-- \/ Yoast SEO plugin. -->","yoast_head_json":{"title":"Los instrumentos sagrados de la M\u00fasica Andina - soy belu","robots":{"index":"index","follow":"follow","max-snippet":"max-snippet:-1","max-image-preview":"max-image-preview:large","max-video-preview":"max-video-preview:-1"},"canonical":"https:\/\/soybelu.com\/index.php\/los-elementos-de-la-misa\/los-instrumentos-sagrados-de-la-musica-andina\/","og_locale":"es_ES","og_type":"article","og_title":"Los instrumentos sagrados de la M\u00fasica Andina - soy belu","og_description":"\u00bfQuieres conocer los instrumentos que se juntan como mosaico para formar las melod\u00edas de la Misa Andina? \u00a1Haz click y encu\u00e9ntrate con una sorpresa!","og_url":"https:\/\/soybelu.com\/index.php\/los-elementos-de-la-misa\/los-instrumentos-sagrados-de-la-musica-andina\/","og_site_name":"soy belu","article_modified_time":"2026-01-22T20:25:28+00:00","og_image":[{"width":2560,"height":1707,"url":"https:\/\/soybelu.com\/wp-content\/uploads\/2026\/01\/pexels-jorge-alcojor-97163631-9282988-scaled.jpg","type":"image\/jpeg"}],"twitter_card":"summary_large_image","twitter_misc":{"Tiempo de lectura":"1 minuto"},"schema":{"@context":"https:\/\/schema.org","@graph":[{"@type":"WebPage","@id":"https:\/\/soybelu.com\/index.php\/los-elementos-de-la-misa\/los-instrumentos-sagrados-de-la-musica-andina\/","url":"https:\/\/soybelu.com\/index.php\/los-elementos-de-la-misa\/los-instrumentos-sagrados-de-la-musica-andina\/","name":"Los instrumentos sagrados de la M\u00fasica Andina - soy belu","isPartOf":{"@id":"https:\/\/soybelu.com\/#website"},"primaryImageOfPage":{"@id":"https:\/\/soybelu.com\/index.php\/los-elementos-de-la-misa\/los-instrumentos-sagrados-de-la-musica-andina\/#primaryimage"},"image":{"@id":"https:\/\/soybelu.com\/index.php\/los-elementos-de-la-misa\/los-instrumentos-sagrados-de-la-musica-andina\/#primaryimage"},"thumbnailUrl":"https:\/\/soybelu.com\/wp-content\/uploads\/2026\/01\/pexels-jorge-alcojor-97163631-9282988-scaled.jpg","datePublished":"2026-01-19T14:48:25+00:00","dateModified":"2026-01-22T20:25:28+00:00","breadcrumb":{"@id":"https:\/\/soybelu.com\/index.php\/los-elementos-de-la-misa\/los-instrumentos-sagrados-de-la-musica-andina\/#breadcrumb"},"inLanguage":"es","potentialAction":[{"@type":"ReadAction","target":["https:\/\/soybelu.com\/index.php\/los-elementos-de-la-misa\/los-instrumentos-sagrados-de-la-musica-andina\/"]}]},{"@type":"ImageObject","inLanguage":"es","@id":"https:\/\/soybelu.com\/index.php\/los-elementos-de-la-misa\/los-instrumentos-sagrados-de-la-musica-andina\/#primaryimage","url":"https:\/\/soybelu.com\/wp-content\/uploads\/2026\/01\/pexels-jorge-alcojor-97163631-9282988-scaled.jpg","contentUrl":"https:\/\/soybelu.com\/wp-content\/uploads\/2026\/01\/pexels-jorge-alcojor-97163631-9282988-scaled.jpg","width":2560,"height":1707},{"@type":"BreadcrumbList","@id":"https:\/\/soybelu.com\/index.php\/los-elementos-de-la-misa\/los-instrumentos-sagrados-de-la-musica-andina\/#breadcrumb","itemListElement":[{"@type":"ListItem","position":1,"name":"Portada","item":"https:\/\/soybelu.com\/"},{"@type":"ListItem","position":2,"name":"Los elementos de la Misa","item":"https:\/\/soybelu.com\/index.php\/los-elementos-de-la-misa\/"},{"@type":"ListItem","position":3,"name":"Los instrumentos sagrados de la M\u00fasica Andina"}]},{"@type":"WebSite","@id":"https:\/\/soybelu.com\/#website","url":"https:\/\/soybelu.com\/","name":"soy belu","description":"soy belu","publisher":{"@id":"https:\/\/soybelu.com\/#organization"},"potentialAction":[{"@type":"SearchAction","target":{"@type":"EntryPoint","urlTemplate":"https:\/\/soybelu.com\/?s={search_term_string}"},"query-input":{"@type":"PropertyValueSpecification","valueRequired":true,"valueName":"search_term_string"}}],"inLanguage":"es"},{"@type":"Organization","@id":"https:\/\/soybelu.com\/#organization","name":"soy belu","url":"https:\/\/soybelu.com\/","logo":{"@type":"ImageObject","inLanguage":"es","@id":"https:\/\/soybelu.com\/#\/schema\/logo\/image\/","url":"https:\/\/soybelu.com\/wp-content\/uploads\/2025\/12\/cropped-40403.png","contentUrl":"https:\/\/soybelu.com\/wp-content\/uploads\/2025\/12\/cropped-40403.png","width":512,"height":512,"caption":"soy belu"},"image":{"@id":"https:\/\/soybelu.com\/#\/schema\/logo\/image\/"}}]}},"_links":{"self":[{"href":"https:\/\/soybelu.com\/index.php\/wp-json\/wp\/v2\/pages\/428","targetHints":{"allow":["GET"]}}],"collection":[{"href":"https:\/\/soybelu.com\/index.php\/wp-json\/wp\/v2\/pages"}],"about":[{"href":"https:\/\/soybelu.com\/index.php\/wp-json\/wp\/v2\/types\/page"}],"author":[{"embeddable":true,"href":"https:\/\/soybelu.com\/index.php\/wp-json\/wp\/v2\/users\/1"}],"replies":[{"embeddable":true,"href":"https:\/\/soybelu.com\/index.php\/wp-json\/wp\/v2\/comments?post=428"}],"version-history":[{"count":6,"href":"https:\/\/soybelu.com\/index.php\/wp-json\/wp\/v2\/pages\/428\/revisions"}],"predecessor-version":[{"id":568,"href":"https:\/\/soybelu.com\/index.php\/wp-json\/wp\/v2\/pages\/428\/revisions\/568"}],"up":[{"embeddable":true,"href":"https:\/\/soybelu.com\/index.php\/wp-json\/wp\/v2\/pages\/495"}],"wp:featuredmedia":[{"embeddable":true,"href":"https:\/\/soybelu.com\/index.php\/wp-json\/wp\/v2\/media\/432"}],"wp:attachment":[{"href":"https:\/\/soybelu.com\/index.php\/wp-json\/wp\/v2\/media?parent=428"}],"curies":[{"name":"wp","href":"https:\/\/api.w.org\/{rel}","templated":true}]}}